{"id":3945,"date":"2023-03-23T10:30:11","date_gmt":"2023-03-23T09:30:11","guid":{"rendered":"https:\/\/artsetsavoirshoulgate.com\/?page_id=3945"},"modified":"2026-04-01T11:19:44","modified_gmt":"2026-04-01T09:19:44","slug":"album-2023","status":"publish","type":"page","link":"https:\/\/artsetsavoirshoulgate.com\/index.php\/sorties-culturelles\/album-2023\/","title":{"rendered":"Album 2023"},"content":{"rendered":"<p><a href=\"http:\/\/artsetsavoirshoulgate.com\/wp-content\/uploads\/2023\/12\/2023-12-10-villages-illumines-de-lorne-rev00.pdf\">Villages illumin\u00e9s de l&rsquo;Orne le 10 d\u00e9cembre<\/a><\/p>\n<p><a href=\"http:\/\/artsetsavoirshoulgate.com\/wp-content\/uploads\/2023\/07\/2023-12-03-piece-de-theatre-Zenith-Caen.pdf\">Zenith Caen 3 d\u00e9cembre<\/a><\/p>\n\n\n<p><a href=\"http:\/\/artsetsavoirshoulgate.com\/wp-content\/uploads\/2023\/11\/connaissance-des-vins-8-novembre.pdf\">Connaissance des vins le 8 novembre<\/a><\/p>\n\n\n\n<p><a href=\"http:\/\/artsetsavoirshoulgate.com\/wp-content\/uploads\/2023\/11\/concert-chorale-Cabourg.-V1pdf.pdf\">Concert chorale lion&rsquo;s Club Cabourg le 3 novembre<\/a>&nbsp;<\/p>\n\n\n\n<p><a href=\"http:\/\/artsetsavoirshoulgate.com\/wp-content\/uploads\/2023\/11\/stage-toussaint-enfants.pdf\">stage sculpture enfants du 30 octobre et&nbsp; du 2 novembre<\/a><\/p>\n\n\n\n<p><a href=\"http:\/\/artsetsavoirshoulgate.com\/wp-content\/uploads\/2025\/12\/Le-parc-canadien-rev-02.pdf\" target=\"_blank\" rel=\"noreferrer noopener\">R\u00eaves de bisons le 12 octobre<\/a><\/p>\n\n\n\n<p><a href=\"http:\/\/artsetsavoirshoulgate.com\/wp-content\/uploads\/2023\/10\/Visite-du-Cirale-1.pdf\">Visite du Cirale le 27 septembre&nbsp;<\/a><\/p>\n\n\n\n<p><a href=\"http:\/\/artsetsavoirshoulgate.com\/wp-content\/uploads\/2023\/11\/journee-rando-gonneville-sur-Mer.pdf\">Randonn\u00e9e pique-nique Gonneville-sur-Mer le 3 juillet<\/a><\/p>\n\n\n\n<p><a href=\"http:\/\/artsetsavoirshoulgate.com\/wp-content\/uploads\/2023\/08\/concert-chorale-Houlgate.pdf\">Concert chorale Houlgate le 28 juin<\/a><\/p>\n\n\n\n<p><a href=\"http:\/\/artsetsavoirshoulgate.com\/wp-content\/uploads\/2023\/08\/Exposition-arts-plastiques-rev-01.pdf\">Exposition arts plastiques&nbsp; les 24 et 25 juin<\/a><\/p>\n\n\n\n<p><a href=\"http:\/\/artsetsavoirshoulgate.com\/wp-content\/uploads\/2023\/08\/concert-chorale-Bavent.pdf\">Concert chorale Bavent le 17 juin<\/a><\/p>\n\n\n\n<p><a href=\"http:\/\/artsetsavoirshoulgate.com\/wp-content\/uploads\/2023\/09\/Cap-Armada.pdf\">Cap Armada le 9 juin<\/a><\/p>\n\n\n\n<p><a href=\"http:\/\/artsetsavoirshoulgate.com\/wp-content\/uploads\/2023\/08\/repas-degustation-oenologie.pdf\">repas d\u00e9gustation \u0153nologie le 7 juin<\/a><\/p>\n\n\n\n<p><a href=\"http:\/\/artsetsavoirshoulgate.com\/wp-content\/uploads\/2023\/10\/2-jours-de-rando-au-Mont-St-Michel-rev02.pdf\">2 jours de rando au Mont St Michel les 6 et 7 juin<\/a><\/p>\n\n\n\n<p><a href=\"http:\/\/artsetsavoirshoulgate.com\/wp-content\/uploads\/2023\/08\/La-journee-du-Chatelain.pdf\">La journ\u00e9e du Ch\u00e2telain le 24 mai<\/a><\/p>\n\n\n\n<p><a href=\"http:\/\/artsetsavoirshoulgate.com\/wp-content\/uploads\/2023\/11\/Escapade-en-Suisse-Normande.pdf\">&nbsp;<\/a><a href=\"http:\/\/artsetsavoirshoulgate.com\/wp-content\/uploads\/2023\/11\/Escapade-en-Suisse-NormandeV1.pdf\">Escapade en Suisse Normande le 19 avril<\/a><\/p>\n\n\n\n<p><a href=\"http:\/\/artsetsavoirshoulgate.com\/wp-content\/uploads\/2023\/03\/resume-J-Jooris-16-03-2023.pdf\">Restaurant p\u00e9dagogique J. Jooris le 16 mars<\/a><\/p>\n\n\n\n<p><a href=\"http:\/\/artsetsavoirshoulgate.com\/wp-content\/uploads\/2023\/03\/resume-villa-Strassburger-et-experience-Calvados-rev1.pdf\"> Villa Strassburger et exp\u00e9rience calvados le 15 mars<\/a><\/p>\n\n\n\n<p><a href=\"http:\/\/artsetsavoirshoulgate.com\/wp-content\/uploads\/2023\/03\/2023-01-15-resume-Theatre-et-galette.pdf\">Th\u00e9\u00e2tre et Galette 15 janvier<\/a><\/p>\n\n\n\n<p><\/p>\n\n\n\n<p><\/p>\n\n\n\n<p><\/p>\n\n\n\n<div class=\"wp-container-1 wp-block-group\"><div class=\"wp-block-group__inner-container\">\n<div class=\"wp-block-columns\">\n<div class=\"wp-block-column\" style=\"flex-basis:100%\">\n<p><\/p>\n<\/div>\n<\/div>\n<\/div><\/div>\n\n\n\n<p><\/p>\n","protected":false},"excerpt":{"rendered":"<p>Villages illumin\u00e9s de l&rsquo;Orne le 10 d\u00e9cembre Zenith Caen 3 d\u00e9cembre Connaissance des vins le 8 novembre Concert chorale lion&rsquo;s Club Cabourg le 3 novembre&nbsp; stage sculpture enfants du 30 octobre et&nbsp; du 2 novembre R\u00eaves de bisons le 12 octobre Visite du Cirale le 27 septembre&nbsp; Randonn\u00e9e pique-nique Gonneville-sur-Mer le 3 juillet Concert chorale &hellip; <\/p>\n<p class=\"link-more\"><a href=\"https:\/\/artsetsavoirshoulgate.com\/index.php\/sorties-culturelles\/album-2023\/\" class=\"more-link\">Continuer la lecture<span class=\"screen-reader-text\"> de &laquo;&nbsp;Album 2023&nbsp;&raquo;<\/span><\/a><\/p>\n","protected":false},"author":1,"featured_media":0,"parent":165,"menu_order":0,"comment_status":"closed","ping_status":"closed","template":"","meta":[],"yoast_head":"<!-- This site is optimized with the Yoast SEO plugin v18.2 - https:\/\/yoast.com\/wordpress\/plugins\/seo\/ -->\n<title>Album 2023 - Arts &amp; Savoirs<\/title>\n<meta name=\"robots\" content=\"index, follow, max-snippet:-1, max-image-preview:large, max-video-preview:-1\" \/>\n<link rel=\"canonical\" href=\"https:\/\/artsetsavoirshoulgate.com\/index.php\/sorties-culturelles\/album-2023\/\" \/>\n<meta property=\"og:locale\" content=\"fr_FR\" \/>\n<meta property=\"og:type\" content=\"article\" \/>\n<meta property=\"og:title\" content=\"Album 2023 - Arts &amp; Savoirs\" \/>\n<meta property=\"og:description\" content=\"Villages illumin\u00e9s de l&rsquo;Orne le 10 d\u00e9cembre Zenith Caen 3 d\u00e9cembre Connaissance des vins le 8 novembre Concert chorale lion&rsquo;s Club Cabourg le 3 novembre&nbsp; stage sculpture enfants du 30 octobre et&nbsp; du 2 novembre R\u00eaves de bisons le 12 octobre Visite du Cirale le 27 septembre&nbsp; Randonn\u00e9e pique-nique Gonneville-sur-Mer le 3 juillet Concert chorale &hellip; Continuer la lecture de &laquo;&nbsp;Album 2023&nbsp;&raquo;\" \/>\n<meta property=\"og:url\" content=\"https:\/\/artsetsavoirshoulgate.com\/index.php\/sorties-culturelles\/album-2023\/\" \/>\n<meta property=\"og:site_name\" content=\"Arts &amp; Savoirs\" \/>\n<meta property=\"article:modified_time\" content=\"2026-04-01T09:19:44+00:00\" \/>\n<meta name=\"twitter:card\" content=\"summary_large_image\" \/>\n<meta name=\"twitter:label1\" content=\"Dur\u00e9e de lecture estim\u00e9e\" \/>\n\t<meta name=\"twitter:data1\" content=\"1 minute\" \/>\n<script type=\"application\/ld+json\" class=\"yoast-schema-graph\">{\"@context\":\"https:\/\/schema.org\",\"@graph\":[{\"@type\":\"WebSite\",\"@id\":\"http:\/\/artsetsavoirshoulgate.com\/#website\",\"url\":\"http:\/\/artsetsavoirshoulgate.com\/\",\"name\":\"Arts & Savoirs Houlgate\",\"description\":\"Pour promouvoir les Arts et Savoirs de toute culture et les activit\u00e9s qui y participent dans un esprit de partage et de f\u00eate\",\"potentialAction\":[{\"@type\":\"SearchAction\",\"target\":{\"@type\":\"EntryPoint\",\"urlTemplate\":\"http:\/\/artsetsavoirshoulgate.com\/?s={search_term_string}\"},\"query-input\":\"required name=search_term_string\"}],\"inLanguage\":\"fr-FR\"},{\"@type\":\"WebPage\",\"@id\":\"https:\/\/artsetsavoirshoulgate.com\/index.php\/sorties-culturelles\/album-2023\/#webpage\",\"url\":\"https:\/\/artsetsavoirshoulgate.com\/index.php\/sorties-culturelles\/album-2023\/\",\"name\":\"Album 2023 - Arts &amp; Savoirs\",\"isPartOf\":{\"@id\":\"http:\/\/artsetsavoirshoulgate.com\/#website\"},\"datePublished\":\"2023-03-23T09:30:11+00:00\",\"dateModified\":\"2026-04-01T09:19:44+00:00\",\"breadcrumb\":{\"@id\":\"https:\/\/artsetsavoirshoulgate.com\/index.php\/sorties-culturelles\/album-2023\/#breadcrumb\"},\"inLanguage\":\"fr-FR\",\"potentialAction\":[{\"@type\":\"ReadAction\",\"target\":[\"https:\/\/artsetsavoirshoulgate.com\/index.php\/sorties-culturelles\/album-2023\/\"]}]},{\"@type\":\"BreadcrumbList\",\"@id\":\"https:\/\/artsetsavoirshoulgate.com\/index.php\/sorties-culturelles\/album-2023\/#breadcrumb\",\"itemListElement\":[{\"@type\":\"ListItem\",\"position\":1,\"name\":\"Accueil\",\"item\":\"http:\/\/artsetsavoirshoulgate.com\/\"},{\"@type\":\"ListItem\",\"position\":2,\"name\":\"Albums\",\"item\":\"https:\/\/artsetsavoirshoulgate.com\/index.php\/sorties-culturelles\/\"},{\"@type\":\"ListItem\",\"position\":3,\"name\":\"Album 2023\"}]}]}<\/script>\n<!-- \/ Yoast SEO plugin. -->","yoast_head_json":{"title":"Album 2023 - Arts &amp; Savoirs","robots":{"index":"index","follow":"follow","max-snippet":"max-snippet:-1","max-image-preview":"max-image-preview:large","max-video-preview":"max-video-preview:-1"},"canonical":"https:\/\/artsetsavoirshoulgate.com\/index.php\/sorties-culturelles\/album-2023\/","og_locale":"fr_FR","og_type":"article","og_title":"Album 2023 - Arts &amp; Savoirs","og_description":"Villages illumin\u00e9s de l&rsquo;Orne le 10 d\u00e9cembre Zenith Caen 3 d\u00e9cembre Connaissance des vins le 8 novembre Concert chorale lion&rsquo;s Club Cabourg le 3 novembre&nbsp; stage sculpture enfants du 30 octobre et&nbsp; du 2 novembre R\u00eaves de bisons le 12 octobre Visite du Cirale le 27 septembre&nbsp; Randonn\u00e9e pique-nique Gonneville-sur-Mer le 3 juillet Concert chorale &hellip; Continuer la lecture de &laquo;&nbsp;Album 2023&nbsp;&raquo;","og_url":"https:\/\/artsetsavoirshoulgate.com\/index.php\/sorties-culturelles\/album-2023\/","og_site_name":"Arts &amp; Savoirs","article_modified_time":"2026-04-01T09:19:44+00:00","twitter_card":"summary_large_image","twitter_misc":{"Dur\u00e9e de lecture estim\u00e9e":"1 minute"},"schema":{"@context":"https:\/\/schema.org","@graph":[{"@type":"WebSite","@id":"http:\/\/artsetsavoirshoulgate.com\/#website","url":"http:\/\/artsetsavoirshoulgate.com\/","name":"Arts & Savoirs Houlgate","description":"Pour promouvoir les Arts et Savoirs de toute culture et les activit\u00e9s qui y participent dans un esprit de partage et de f\u00eate","potentialAction":[{"@type":"SearchAction","target":{"@type":"EntryPoint","urlTemplate":"http:\/\/artsetsavoirshoulgate.com\/?s={search_term_string}"},"query-input":"required name=search_term_string"}],"inLanguage":"fr-FR"},{"@type":"WebPage","@id":"https:\/\/artsetsavoirshoulgate.com\/index.php\/sorties-culturelles\/album-2023\/#webpage","url":"https:\/\/artsetsavoirshoulgate.com\/index.php\/sorties-culturelles\/album-2023\/","name":"Album 2023 - Arts &amp; Savoirs","isPartOf":{"@id":"http:\/\/artsetsavoirshoulgate.com\/#website"},"datePublished":"2023-03-23T09:30:11+00:00","dateModified":"2026-04-01T09:19:44+00:00","breadcrumb":{"@id":"https:\/\/artsetsavoirshoulgate.com\/index.php\/sorties-culturelles\/album-2023\/#breadcrumb"},"inLanguage":"fr-FR","potentialAction":[{"@type":"ReadAction","target":["https:\/\/artsetsavoirshoulgate.com\/index.php\/sorties-culturelles\/album-2023\/"]}]},{"@type":"BreadcrumbList","@id":"https:\/\/artsetsavoirshoulgate.com\/index.php\/sorties-culturelles\/album-2023\/#breadcrumb","itemListElement":[{"@type":"ListItem","position":1,"name":"Accueil","item":"http:\/\/artsetsavoirshoulgate.com\/"},{"@type":"ListItem","position":2,"name":"Albums","item":"https:\/\/artsetsavoirshoulgate.com\/index.php\/sorties-culturelles\/"},{"@type":"ListItem","position":3,"name":"Album 2023"}]}]}},"_links":{"self":[{"href":"https:\/\/artsetsavoirshoulgate.com\/index.php\/wp-json\/wp\/v2\/pages\/3945"}],"collection":[{"href":"https:\/\/artsetsavoirshoulgate.com\/index.php\/wp-json\/wp\/v2\/pages"}],"about":[{"href":"https:\/\/artsetsavoirshoulgate.com\/index.php\/wp-json\/wp\/v2\/types\/page"}],"author":[{"embeddable":true,"href":"https:\/\/artsetsavoirshoulgate.com\/index.php\/wp-json\/wp\/v2\/users\/1"}],"replies":[{"embeddable":true,"href":"https:\/\/artsetsavoirshoulgate.com\/index.php\/wp-json\/wp\/v2\/comments?post=3945"}],"version-history":[{"count":59,"href":"https:\/\/artsetsavoirshoulgate.com\/index.php\/wp-json\/wp\/v2\/pages\/3945\/revisions"}],"predecessor-version":[{"id":6211,"href":"https:\/\/artsetsavoirshoulgate.com\/index.php\/wp-json\/wp\/v2\/pages\/3945\/revisions\/6211"}],"up":[{"embeddable":true,"href":"https:\/\/artsetsavoirshoulgate.com\/index.php\/wp-json\/wp\/v2\/pages\/165"}],"wp:attachment":[{"href":"https:\/\/artsetsavoirshoulgate.com\/index.php\/wp-json\/wp\/v2\/media?parent=3945"}],"curies":[{"name":"wp","href":"https:\/\/api.w.org\/{rel}","templated":true}]}}