{"id":4230,"date":"2023-07-13T14:17:53","date_gmt":"2023-07-13T12:17:53","guid":{"rendered":"https:\/\/artsetsavoirshoulgate.com\/?page_id=4230"},"modified":"2026-04-01T11:19:28","modified_gmt":"2026-04-01T09:19:28","slug":"albums-2022","status":"publish","type":"page","link":"https:\/\/artsetsavoirshoulgate.com\/index.php\/sorties-culturelles\/albums-2022\/","title":{"rendered":"Album 2022"},"content":{"rendered":"<p><a href=\"http:\/\/artsetsavoirshoulgate.com\/wp-content\/uploads\/2023\/07\/Marches-de-Noel-Lille-Bruges-Arras.pdf\">Les march\u00e9s de No\u00ebl de Lille, de Bruges et d&rsquo;Arras du 2 au 4 d\u00e9cembre<\/a><\/p>\n<p><a href=\"http:\/\/artsetsavoirshoulgate.com\/wp-content\/uploads\/2023\/10\/journee-rando-gonneville-sur-Mer.pdf\">journ\u00e9e rando Gonneville-sur-Mer le 4 juillet<\/a><\/p>\n<p><a href=\"http:\/\/artsetsavoirshoulgate.com\/wp-content\/uploads\/2023\/07\/Visite-prestige-du-Chateau-de-Versailles-rev01.pdf\">Visite prestige au Ch\u00e2teau de Versailles le 2 juillet<\/a><\/p>\n<p><a href=\"http:\/\/artsetsavoirshoulgate.com\/wp-content\/uploads\/2023\/09\/Patrimoine-et-lin-a-Routot.pdf\">Patrimoine et lin \u00e0 Routot le 15 juin<\/a><\/p>\n<p><a href=\"http:\/\/artsetsavoirshoulgate.com\/wp-content\/uploads\/2023\/07\/Escapade-aux-portes-de-la-Bretagne.pdf\">Escapade aux portes de la Bretagne le 10 et 11 juin<\/a><\/p>\n<p><a href=\"http:\/\/artsetsavoirshoulgate.com\/wp-content\/uploads\/2023\/09\/2-jours-de-randonnee-a-ST-Cast-rev01.pdf\">2 jours de randonn\u00e9e \u00e0 ST Cast les 13 et 14 mai<\/a><\/p>\n<p><a href=\"http:\/\/artsetsavoirshoulgate.com\/wp-content\/uploads\/2023\/07\/2022-04-21-Escapade-a-Honfleur.pdf\">Escapade \u00e0 Honfleur le 21 avril<\/a><\/p>\n<p><a href=\"http:\/\/artsetsavoirshoulgate.com\/wp-content\/uploads\/2023\/07\/2022-04-06-cabaret-le-chaudron-magik.pdf\">cabaret le chaudron magik le 5 avril<\/a><\/p>\n<p><a href=\"http:\/\/artsetsavoirshoulgate.com\/wp-content\/uploads\/2023\/07\/2022-04-03-Les-bodins.pdf\">Les bodin&rsquo;s le 3 avril<\/a><\/p>\n<p><\/p>\n<p><\/p>\n<p><\/p>\n<p><\/p>\n\n\n<p><\/p>\n","protected":false},"excerpt":{"rendered":"<p>Les march\u00e9s de No\u00ebl de Lille, de Bruges et d&rsquo;Arras du 2 au 4 d\u00e9cembre journ\u00e9e rando Gonneville-sur-Mer le 4 juillet Visite prestige au Ch\u00e2teau de Versailles le 2 juillet Patrimoine et lin \u00e0 Routot le 15 juin Escapade aux portes de la Bretagne le 10 et 11 juin 2 jours de randonn\u00e9e \u00e0 ST &hellip; <\/p>\n<p class=\"link-more\"><a href=\"https:\/\/artsetsavoirshoulgate.com\/index.php\/sorties-culturelles\/albums-2022\/\" class=\"more-link\">Continuer la lecture<span class=\"screen-reader-text\"> de &laquo;&nbsp;Album 2022&nbsp;&raquo;<\/span><\/a><\/p>\n","protected":false},"author":1,"featured_media":0,"parent":165,"menu_order":0,"comment_status":"closed","ping_status":"closed","template":"","meta":[],"yoast_head":"<!-- This site is optimized with the Yoast SEO plugin v18.2 - https:\/\/yoast.com\/wordpress\/plugins\/seo\/ -->\n<title>Album 2022 - Arts &amp; Savoirs<\/title>\n<meta name=\"robots\" content=\"index, follow, max-snippet:-1, max-image-preview:large, max-video-preview:-1\" \/>\n<link rel=\"canonical\" href=\"https:\/\/artsetsavoirshoulgate.com\/index.php\/sorties-culturelles\/albums-2022\/\" \/>\n<meta property=\"og:locale\" content=\"fr_FR\" \/>\n<meta property=\"og:type\" content=\"article\" \/>\n<meta property=\"og:title\" content=\"Album 2022 - Arts &amp; Savoirs\" \/>\n<meta property=\"og:description\" content=\"Les march\u00e9s de No\u00ebl de Lille, de Bruges et d&rsquo;Arras du 2 au 4 d\u00e9cembre journ\u00e9e rando Gonneville-sur-Mer le 4 juillet Visite prestige au Ch\u00e2teau de Versailles le 2 juillet Patrimoine et lin \u00e0 Routot le 15 juin Escapade aux portes de la Bretagne le 10 et 11 juin 2 jours de randonn\u00e9e \u00e0 ST &hellip; Continuer la lecture de &laquo;&nbsp;Album 2022&nbsp;&raquo;\" \/>\n<meta property=\"og:url\" content=\"https:\/\/artsetsavoirshoulgate.com\/index.php\/sorties-culturelles\/albums-2022\/\" \/>\n<meta property=\"og:site_name\" content=\"Arts &amp; Savoirs\" \/>\n<meta property=\"article:modified_time\" content=\"2026-04-01T09:19:28+00:00\" \/>\n<meta name=\"twitter:card\" content=\"summary_large_image\" \/>\n<meta name=\"twitter:label1\" content=\"Dur\u00e9e de lecture estim\u00e9e\" \/>\n\t<meta name=\"twitter:data1\" content=\"1 minute\" \/>\n<script type=\"application\/ld+json\" class=\"yoast-schema-graph\">{\"@context\":\"https:\/\/schema.org\",\"@graph\":[{\"@type\":\"WebSite\",\"@id\":\"http:\/\/artsetsavoirshoulgate.com\/#website\",\"url\":\"http:\/\/artsetsavoirshoulgate.com\/\",\"name\":\"Arts & Savoirs Houlgate\",\"description\":\"Pour promouvoir les Arts et Savoirs de toute culture et les activit\u00e9s qui y participent dans un esprit de partage et de f\u00eate\",\"potentialAction\":[{\"@type\":\"SearchAction\",\"target\":{\"@type\":\"EntryPoint\",\"urlTemplate\":\"http:\/\/artsetsavoirshoulgate.com\/?s={search_term_string}\"},\"query-input\":\"required name=search_term_string\"}],\"inLanguage\":\"fr-FR\"},{\"@type\":\"WebPage\",\"@id\":\"https:\/\/artsetsavoirshoulgate.com\/index.php\/sorties-culturelles\/albums-2022\/#webpage\",\"url\":\"https:\/\/artsetsavoirshoulgate.com\/index.php\/sorties-culturelles\/albums-2022\/\",\"name\":\"Album 2022 - Arts &amp; Savoirs\",\"isPartOf\":{\"@id\":\"http:\/\/artsetsavoirshoulgate.com\/#website\"},\"datePublished\":\"2023-07-13T12:17:53+00:00\",\"dateModified\":\"2026-04-01T09:19:28+00:00\",\"breadcrumb\":{\"@id\":\"https:\/\/artsetsavoirshoulgate.com\/index.php\/sorties-culturelles\/albums-2022\/#breadcrumb\"},\"inLanguage\":\"fr-FR\",\"potentialAction\":[{\"@type\":\"ReadAction\",\"target\":[\"https:\/\/artsetsavoirshoulgate.com\/index.php\/sorties-culturelles\/albums-2022\/\"]}]},{\"@type\":\"BreadcrumbList\",\"@id\":\"https:\/\/artsetsavoirshoulgate.com\/index.php\/sorties-culturelles\/albums-2022\/#breadcrumb\",\"itemListElement\":[{\"@type\":\"ListItem\",\"position\":1,\"name\":\"Accueil\",\"item\":\"http:\/\/artsetsavoirshoulgate.com\/\"},{\"@type\":\"ListItem\",\"position\":2,\"name\":\"Albums\",\"item\":\"https:\/\/artsetsavoirshoulgate.com\/index.php\/sorties-culturelles\/\"},{\"@type\":\"ListItem\",\"position\":3,\"name\":\"Album 2022\"}]}]}<\/script>\n<!-- \/ Yoast SEO plugin. -->","yoast_head_json":{"title":"Album 2022 - Arts &amp; Savoirs","robots":{"index":"index","follow":"follow","max-snippet":"max-snippet:-1","max-image-preview":"max-image-preview:large","max-video-preview":"max-video-preview:-1"},"canonical":"https:\/\/artsetsavoirshoulgate.com\/index.php\/sorties-culturelles\/albums-2022\/","og_locale":"fr_FR","og_type":"article","og_title":"Album 2022 - Arts &amp; Savoirs","og_description":"Les march\u00e9s de No\u00ebl de Lille, de Bruges et d&rsquo;Arras du 2 au 4 d\u00e9cembre journ\u00e9e rando Gonneville-sur-Mer le 4 juillet Visite prestige au Ch\u00e2teau de Versailles le 2 juillet Patrimoine et lin \u00e0 Routot le 15 juin Escapade aux portes de la Bretagne le 10 et 11 juin 2 jours de randonn\u00e9e \u00e0 ST &hellip; Continuer la lecture de &laquo;&nbsp;Album 2022&nbsp;&raquo;","og_url":"https:\/\/artsetsavoirshoulgate.com\/index.php\/sorties-culturelles\/albums-2022\/","og_site_name":"Arts &amp; Savoirs","article_modified_time":"2026-04-01T09:19:28+00:00","twitter_card":"summary_large_image","twitter_misc":{"Dur\u00e9e de lecture estim\u00e9e":"1 minute"},"schema":{"@context":"https:\/\/schema.org","@graph":[{"@type":"WebSite","@id":"http:\/\/artsetsavoirshoulgate.com\/#website","url":"http:\/\/artsetsavoirshoulgate.com\/","name":"Arts & Savoirs Houlgate","description":"Pour promouvoir les Arts et Savoirs de toute culture et les activit\u00e9s qui y participent dans un esprit de partage et de f\u00eate","potentialAction":[{"@type":"SearchAction","target":{"@type":"EntryPoint","urlTemplate":"http:\/\/artsetsavoirshoulgate.com\/?s={search_term_string}"},"query-input":"required name=search_term_string"}],"inLanguage":"fr-FR"},{"@type":"WebPage","@id":"https:\/\/artsetsavoirshoulgate.com\/index.php\/sorties-culturelles\/albums-2022\/#webpage","url":"https:\/\/artsetsavoirshoulgate.com\/index.php\/sorties-culturelles\/albums-2022\/","name":"Album 2022 - Arts &amp; Savoirs","isPartOf":{"@id":"http:\/\/artsetsavoirshoulgate.com\/#website"},"datePublished":"2023-07-13T12:17:53+00:00","dateModified":"2026-04-01T09:19:28+00:00","breadcrumb":{"@id":"https:\/\/artsetsavoirshoulgate.com\/index.php\/sorties-culturelles\/albums-2022\/#breadcrumb"},"inLanguage":"fr-FR","potentialAction":[{"@type":"ReadAction","target":["https:\/\/artsetsavoirshoulgate.com\/index.php\/sorties-culturelles\/albums-2022\/"]}]},{"@type":"BreadcrumbList","@id":"https:\/\/artsetsavoirshoulgate.com\/index.php\/sorties-culturelles\/albums-2022\/#breadcrumb","itemListElement":[{"@type":"ListItem","position":1,"name":"Accueil","item":"http:\/\/artsetsavoirshoulgate.com\/"},{"@type":"ListItem","position":2,"name":"Albums","item":"https:\/\/artsetsavoirshoulgate.com\/index.php\/sorties-culturelles\/"},{"@type":"ListItem","position":3,"name":"Album 2022"}]}]}},"_links":{"self":[{"href":"https:\/\/artsetsavoirshoulgate.com\/index.php\/wp-json\/wp\/v2\/pages\/4230"}],"collection":[{"href":"https:\/\/artsetsavoirshoulgate.com\/index.php\/wp-json\/wp\/v2\/pages"}],"about":[{"href":"https:\/\/artsetsavoirshoulgate.com\/index.php\/wp-json\/wp\/v2\/types\/page"}],"author":[{"embeddable":true,"href":"https:\/\/artsetsavoirshoulgate.com\/index.php\/wp-json\/wp\/v2\/users\/1"}],"replies":[{"embeddable":true,"href":"https:\/\/artsetsavoirshoulgate.com\/index.php\/wp-json\/wp\/v2\/comments?post=4230"}],"version-history":[{"count":29,"href":"https:\/\/artsetsavoirshoulgate.com\/index.php\/wp-json\/wp\/v2\/pages\/4230\/revisions"}],"predecessor-version":[{"id":6474,"href":"https:\/\/artsetsavoirshoulgate.com\/index.php\/wp-json\/wp\/v2\/pages\/4230\/revisions\/6474"}],"up":[{"embeddable":true,"href":"https:\/\/artsetsavoirshoulgate.com\/index.php\/wp-json\/wp\/v2\/pages\/165"}],"wp:attachment":[{"href":"https:\/\/artsetsavoirshoulgate.com\/index.php\/wp-json\/wp\/v2\/media?parent=4230"}],"curies":[{"name":"wp","href":"https:\/\/api.w.org\/{rel}","templated":true}]}}