{"id":5652,"date":"2025-02-10T10:36:52","date_gmt":"2025-02-10T09:36:52","guid":{"rendered":"https:\/\/artsetsavoirshoulgate.com\/?page_id=5652"},"modified":"2026-04-01T11:05:41","modified_gmt":"2026-04-01T09:05:41","slug":"ca-et-ag-2025","status":"publish","type":"page","link":"https:\/\/artsetsavoirshoulgate.com\/index.php\/conseils-dadministration-et-assemblee-generale\/ca-et-ag-2025\/","title":{"rendered":"CA et AG 2025"},"content":{"rendered":"<p><a href=\"http:\/\/artsetsavoirshoulgate.com\/wp-content\/uploads\/2026\/02\/CR-du-CA-du-16-12-2025-final.pdf\">Compte-Rendu CA du 16 d\u00e9cembre 2025<\/a><\/p>\n<p><a href=\"http:\/\/artsetsavoirshoulgate.com\/wp-content\/uploads\/2025\/12\/CR-du-CA-du-14-11-2025-V2-signe.pdf\">Compte-Rendu CA du 14 novembre 2025(apr\u00e8s l&rsquo;AG)<\/a><\/p>\n<p><strong><a href=\"http:\/\/artsetsavoirshoulgate.com\/wp-content\/uploads\/2025\/12\/CR-de-lAG-du-14-novembre-2025V1.pdf\"><span style=\"color: #ff0000;\">Compte-Rendu AG du 14 novembre 2025<\/span><\/a><\/strong><\/p>\n<p><a href=\"http:\/\/artsetsavoirshoulgate.com\/wp-content\/uploads\/2025\/12\/CR-du-CA-du-6-novembre-2025-V4.pdf\">Compte-Rendu CA du 6 novembre 2025<\/a><\/p>\n<p><a href=\"http:\/\/artsetsavoirshoulgate.com\/wp-content\/uploads\/2025\/11\/CR-du-CA-du-07-10-2025final.pdf\">Compte-Rendu CA du 07 octobre 2025<\/a><\/p>\n<p><a href=\"http:\/\/artsetsavoirshoulgate.com\/wp-content\/uploads\/2025\/11\/CR-du-CA-du-8-septembre-2025-V2-final.pdf\">Compte-Rendu CA du 8 septembre 2025<\/a><\/p>\n<p><a href=\"http:\/\/artsetsavoirshoulgate.com\/wp-content\/uploads\/2025\/11\/CR-du-CA-du-12-aout-2025-v10-final-.pdf\">Compte-Rendu CA du 12 aout 2025 <\/a><\/p>\n<p><a href=\"http:\/\/artsetsavoirshoulgate.com\/wp-content\/uploads\/2025\/08\/CR-du-CA-du-20-juin-2025-V3.pdf\">Compte-Rendu CA du 20 juin 2025&nbsp;<\/a><\/p>\n<p><a href=\"http:\/\/artsetsavoirshoulgate.com\/wp-content\/uploads\/2025\/06\/CR-du-CA-du-14-mai-2025-v3.pdf\">Compte-Rendu CA du 14 mai 2025<\/a><\/p>\n<p><a href=\"http:\/\/artsetsavoirshoulgate.com\/wp-content\/uploads\/2025\/05\/CR-definitif-du-CA-du-3-avril-2025-V4.pdf\">Compte-Rendu CA du 3 avril 2025&nbsp;<\/a><\/p>\n<p><a href=\"http:\/\/artsetsavoirshoulgate.com\/wp-content\/uploads\/2025\/05\/CR-definitif-du-CA-du-6-fevrier-2025-v2.pdf\">Compte-Rendu CA du 6 fevrier 2025<\/a><\/p>\n<p><\/p>\n\n\n<p><\/p>\n","protected":false},"excerpt":{"rendered":"<p>Compte-Rendu CA du 16 d\u00e9cembre 2025 Compte-Rendu CA du 14 novembre 2025(apr\u00e8s l&rsquo;AG) Compte-Rendu AG du 14 novembre 2025 Compte-Rendu CA du 6 novembre 2025 Compte-Rendu CA du 07 octobre 2025 Compte-Rendu CA du 8 septembre 2025 Compte-Rendu CA du 12 aout 2025 Compte-Rendu CA du 20 juin 2025&nbsp; Compte-Rendu CA du 14 mai 2025 &hellip; <\/p>\n<p class=\"link-more\"><a href=\"https:\/\/artsetsavoirshoulgate.com\/index.php\/conseils-dadministration-et-assemblee-generale\/ca-et-ag-2025\/\" class=\"more-link\">Continuer la lecture<span class=\"screen-reader-text\"> de &laquo;&nbsp;CA et AG 2025&nbsp;&raquo;<\/span><\/a><\/p>\n","protected":false},"author":1,"featured_media":0,"parent":4923,"menu_order":0,"comment_status":"closed","ping_status":"closed","template":"","meta":[],"yoast_head":"<!-- This site is optimized with the Yoast SEO plugin v18.2 - https:\/\/yoast.com\/wordpress\/plugins\/seo\/ -->\n<title>CA et AG 2025 - Arts &amp; Savoirs<\/title>\n<meta name=\"robots\" content=\"index, follow, max-snippet:-1, max-image-preview:large, max-video-preview:-1\" \/>\n<link rel=\"canonical\" href=\"https:\/\/artsetsavoirshoulgate.com\/index.php\/conseils-dadministration-et-assemblee-generale\/ca-et-ag-2025\/\" \/>\n<meta property=\"og:locale\" content=\"fr_FR\" \/>\n<meta property=\"og:type\" content=\"article\" \/>\n<meta property=\"og:title\" content=\"CA et AG 2025 - Arts &amp; Savoirs\" \/>\n<meta property=\"og:description\" content=\"Compte-Rendu CA du 16 d\u00e9cembre 2025 Compte-Rendu CA du 14 novembre 2025(apr\u00e8s l&rsquo;AG) Compte-Rendu AG du 14 novembre 2025 Compte-Rendu CA du 6 novembre 2025 Compte-Rendu CA du 07 octobre 2025 Compte-Rendu CA du 8 septembre 2025 Compte-Rendu CA du 12 aout 2025 Compte-Rendu CA du 20 juin 2025&nbsp; Compte-Rendu CA du 14 mai 2025 &hellip; Continuer la lecture de &laquo;&nbsp;CA et AG 2025&nbsp;&raquo;\" \/>\n<meta property=\"og:url\" content=\"https:\/\/artsetsavoirshoulgate.com\/index.php\/conseils-dadministration-et-assemblee-generale\/ca-et-ag-2025\/\" \/>\n<meta property=\"og:site_name\" content=\"Arts &amp; Savoirs\" \/>\n<meta property=\"article:modified_time\" content=\"2026-04-01T09:05:41+00:00\" \/>\n<meta name=\"twitter:card\" content=\"summary_large_image\" \/>\n<meta name=\"twitter:label1\" content=\"Dur\u00e9e de lecture estim\u00e9e\" \/>\n\t<meta name=\"twitter:data1\" content=\"1 minute\" \/>\n<script type=\"application\/ld+json\" class=\"yoast-schema-graph\">{\"@context\":\"https:\/\/schema.org\",\"@graph\":[{\"@type\":\"WebSite\",\"@id\":\"http:\/\/artsetsavoirshoulgate.com\/#website\",\"url\":\"http:\/\/artsetsavoirshoulgate.com\/\",\"name\":\"Arts & Savoirs Houlgate\",\"description\":\"Pour promouvoir les Arts et Savoirs de toute culture et les activit\u00e9s qui y participent dans un esprit de partage et de f\u00eate\",\"potentialAction\":[{\"@type\":\"SearchAction\",\"target\":{\"@type\":\"EntryPoint\",\"urlTemplate\":\"http:\/\/artsetsavoirshoulgate.com\/?s={search_term_string}\"},\"query-input\":\"required name=search_term_string\"}],\"inLanguage\":\"fr-FR\"},{\"@type\":\"WebPage\",\"@id\":\"https:\/\/artsetsavoirshoulgate.com\/index.php\/conseils-dadministration-et-assemblee-generale\/ca-et-ag-2025\/#webpage\",\"url\":\"https:\/\/artsetsavoirshoulgate.com\/index.php\/conseils-dadministration-et-assemblee-generale\/ca-et-ag-2025\/\",\"name\":\"CA et AG 2025 - Arts &amp; Savoirs\",\"isPartOf\":{\"@id\":\"http:\/\/artsetsavoirshoulgate.com\/#website\"},\"datePublished\":\"2025-02-10T09:36:52+00:00\",\"dateModified\":\"2026-04-01T09:05:41+00:00\",\"breadcrumb\":{\"@id\":\"https:\/\/artsetsavoirshoulgate.com\/index.php\/conseils-dadministration-et-assemblee-generale\/ca-et-ag-2025\/#breadcrumb\"},\"inLanguage\":\"fr-FR\",\"potentialAction\":[{\"@type\":\"ReadAction\",\"target\":[\"https:\/\/artsetsavoirshoulgate.com\/index.php\/conseils-dadministration-et-assemblee-generale\/ca-et-ag-2025\/\"]}]},{\"@type\":\"BreadcrumbList\",\"@id\":\"https:\/\/artsetsavoirshoulgate.com\/index.php\/conseils-dadministration-et-assemblee-generale\/ca-et-ag-2025\/#breadcrumb\",\"itemListElement\":[{\"@type\":\"ListItem\",\"position\":1,\"name\":\"Accueil\",\"item\":\"http:\/\/artsetsavoirshoulgate.com\/\"},{\"@type\":\"ListItem\",\"position\":2,\"name\":\"Conseils d&rsquo;Administration et Assembl\u00e9es G\u00e9n\u00e9rales\",\"item\":\"https:\/\/artsetsavoirshoulgate.com\/index.php\/conseils-dadministration-et-assemblee-generale\/\"},{\"@type\":\"ListItem\",\"position\":3,\"name\":\"CA et AG 2025\"}]}]}<\/script>\n<!-- \/ Yoast SEO plugin. -->","yoast_head_json":{"title":"CA et AG 2025 - Arts &amp; Savoirs","robots":{"index":"index","follow":"follow","max-snippet":"max-snippet:-1","max-image-preview":"max-image-preview:large","max-video-preview":"max-video-preview:-1"},"canonical":"https:\/\/artsetsavoirshoulgate.com\/index.php\/conseils-dadministration-et-assemblee-generale\/ca-et-ag-2025\/","og_locale":"fr_FR","og_type":"article","og_title":"CA et AG 2025 - Arts &amp; Savoirs","og_description":"Compte-Rendu CA du 16 d\u00e9cembre 2025 Compte-Rendu CA du 14 novembre 2025(apr\u00e8s l&rsquo;AG) Compte-Rendu AG du 14 novembre 2025 Compte-Rendu CA du 6 novembre 2025 Compte-Rendu CA du 07 octobre 2025 Compte-Rendu CA du 8 septembre 2025 Compte-Rendu CA du 12 aout 2025 Compte-Rendu CA du 20 juin 2025&nbsp; Compte-Rendu CA du 14 mai 2025 &hellip; Continuer la lecture de &laquo;&nbsp;CA et AG 2025&nbsp;&raquo;","og_url":"https:\/\/artsetsavoirshoulgate.com\/index.php\/conseils-dadministration-et-assemblee-generale\/ca-et-ag-2025\/","og_site_name":"Arts &amp; Savoirs","article_modified_time":"2026-04-01T09:05:41+00:00","twitter_card":"summary_large_image","twitter_misc":{"Dur\u00e9e de lecture estim\u00e9e":"1 minute"},"schema":{"@context":"https:\/\/schema.org","@graph":[{"@type":"WebSite","@id":"http:\/\/artsetsavoirshoulgate.com\/#website","url":"http:\/\/artsetsavoirshoulgate.com\/","name":"Arts & Savoirs Houlgate","description":"Pour promouvoir les Arts et Savoirs de toute culture et les activit\u00e9s qui y participent dans un esprit de partage et de f\u00eate","potentialAction":[{"@type":"SearchAction","target":{"@type":"EntryPoint","urlTemplate":"http:\/\/artsetsavoirshoulgate.com\/?s={search_term_string}"},"query-input":"required name=search_term_string"}],"inLanguage":"fr-FR"},{"@type":"WebPage","@id":"https:\/\/artsetsavoirshoulgate.com\/index.php\/conseils-dadministration-et-assemblee-generale\/ca-et-ag-2025\/#webpage","url":"https:\/\/artsetsavoirshoulgate.com\/index.php\/conseils-dadministration-et-assemblee-generale\/ca-et-ag-2025\/","name":"CA et AG 2025 - Arts &amp; Savoirs","isPartOf":{"@id":"http:\/\/artsetsavoirshoulgate.com\/#website"},"datePublished":"2025-02-10T09:36:52+00:00","dateModified":"2026-04-01T09:05:41+00:00","breadcrumb":{"@id":"https:\/\/artsetsavoirshoulgate.com\/index.php\/conseils-dadministration-et-assemblee-generale\/ca-et-ag-2025\/#breadcrumb"},"inLanguage":"fr-FR","potentialAction":[{"@type":"ReadAction","target":["https:\/\/artsetsavoirshoulgate.com\/index.php\/conseils-dadministration-et-assemblee-generale\/ca-et-ag-2025\/"]}]},{"@type":"BreadcrumbList","@id":"https:\/\/artsetsavoirshoulgate.com\/index.php\/conseils-dadministration-et-assemblee-generale\/ca-et-ag-2025\/#breadcrumb","itemListElement":[{"@type":"ListItem","position":1,"name":"Accueil","item":"http:\/\/artsetsavoirshoulgate.com\/"},{"@type":"ListItem","position":2,"name":"Conseils d&rsquo;Administration et Assembl\u00e9es G\u00e9n\u00e9rales","item":"https:\/\/artsetsavoirshoulgate.com\/index.php\/conseils-dadministration-et-assemblee-generale\/"},{"@type":"ListItem","position":3,"name":"CA et AG 2025"}]}]}},"_links":{"self":[{"href":"https:\/\/artsetsavoirshoulgate.com\/index.php\/wp-json\/wp\/v2\/pages\/5652"}],"collection":[{"href":"https:\/\/artsetsavoirshoulgate.com\/index.php\/wp-json\/wp\/v2\/pages"}],"about":[{"href":"https:\/\/artsetsavoirshoulgate.com\/index.php\/wp-json\/wp\/v2\/types\/page"}],"author":[{"embeddable":true,"href":"https:\/\/artsetsavoirshoulgate.com\/index.php\/wp-json\/wp\/v2\/users\/1"}],"replies":[{"embeddable":true,"href":"https:\/\/artsetsavoirshoulgate.com\/index.php\/wp-json\/wp\/v2\/comments?post=5652"}],"version-history":[{"count":14,"href":"https:\/\/artsetsavoirshoulgate.com\/index.php\/wp-json\/wp\/v2\/pages\/5652\/revisions"}],"predecessor-version":[{"id":6459,"href":"https:\/\/artsetsavoirshoulgate.com\/index.php\/wp-json\/wp\/v2\/pages\/5652\/revisions\/6459"}],"up":[{"embeddable":true,"href":"https:\/\/artsetsavoirshoulgate.com\/index.php\/wp-json\/wp\/v2\/pages\/4923"}],"wp:attachment":[{"href":"https:\/\/artsetsavoirshoulgate.com\/index.php\/wp-json\/wp\/v2\/media?parent=5652"}],"curies":[{"name":"wp","href":"https:\/\/api.w.org\/{rel}","templated":true}]}}