{"id":6568,"date":"2026-05-17T14:56:18","date_gmt":"2026-05-17T12:56:18","guid":{"rendered":"https:\/\/artsetsavoirshoulgate.com\/?page_id=6568"},"modified":"2026-05-17T15:09:27","modified_gmt":"2026-05-17T13:09:27","slug":"album-2026-en-construction","status":"publish","type":"page","link":"https:\/\/artsetsavoirshoulgate.com\/index.php\/sorties-culturelles\/album-2026-en-construction\/","title":{"rendered":"Album 2026 (en construction)"},"content":{"rendered":"<p>Galette des Rois 18 janvier<\/p>\n\n\n<p>Mercredi 11 F\u00e9vrier : M\u00e9morial de CAEN<\/p>\n\n\n\n<p>Jeudi 12 Mars :  Villedieu les po\u00eales<\/p>\n\n\n\n<p>Jeudi 2 Avril : Atelier culinaire \u00e0 Saint-Etienne du Thillaye<\/p>\n\n\n\n<p>Jeudi 9 Avril  diner\/cabaret J Jooris<\/p>\n\n\n\n<p>Samedi 18 Avril : Franciscaines th\u00e9\u00e2tre\/humour : \u00ab L\u2019art d\u2019avoir toujours raison \u00bb<\/p>\n\n\n\n<p>Mercredi 29 Avril : Champs de Bataille<\/p>\n\n\n\n<p>Lundi 18 et mardi 19 mai : 2 jours de randonn\u00e9es autour de Jumi\u00e8ges<\/p>\n\n\n\n<p>Mercredi 20 Mai : St Vaast-la-Hougue\/Ile de Tatihou<\/p>\n\n\n\n<p>Samedi 23 et dimanche 24 mai : Expovente des cr\u00e9ations de l\u2019Atelier \u00ab Tricot\/Couture\u00a0\u00bb<\/p>\n\n\n\n<p>Vendredi 29 mai : Concert de la chorale Arts &amp; Savoirs<\/p>\n\n\n\n<p>Dimanche 31 mai : Vide-Toiles au \u00ab Jardin des Roses \u00bb<\/p>\n\n\n\n<p>Mardi 16 Juin: Visite du Havre<\/p>\n\n\n\n<p>27 &amp; 28 Juin : Exposition \u00ab Les Artistes exposent \u00bb<\/p>\n\n\n\n<p>5 septembre : forum des Associations<\/p>\n\n\n\n<p>Dimanche 4 Octobre : Z\u00e9nith Caen : Spectacle \u00ab La Dame de Pierre \u00bb<\/p>\n\n\n\n<p>Jeudi 15 octobre : Atelier culinaire \u00e0 Saint-Etienne du Thillaye<\/p>\n\n\n\n<p>Jeudi 3 d\u00e9cembre : Z\u00e9nith Caen (th\u00e9atre) \u00ab\u00a0L&rsquo;\u00e2ge B\u00eate\u00a0\u00bb<\/p>\n\n\n\n<p><\/p>\n","protected":false},"excerpt":{"rendered":"<p>Galette des Rois 18 janvier Mercredi 11 F\u00e9vrier : M\u00e9morial de CAEN Jeudi 12 Mars : Villedieu les po\u00eales Jeudi 2 Avril : Atelier culinaire \u00e0 Saint-Etienne du Thillaye Jeudi 9 Avril diner\/cabaret J Jooris Samedi 18 Avril : Franciscaines th\u00e9\u00e2tre\/humour : \u00ab L\u2019art d\u2019avoir toujours raison \u00bb Mercredi 29 Avril : Champs de Bataille &hellip; <\/p>\n<p class=\"link-more\"><a href=\"https:\/\/artsetsavoirshoulgate.com\/index.php\/sorties-culturelles\/album-2026-en-construction\/\" class=\"more-link\">Continuer la lecture<span class=\"screen-reader-text\"> de &laquo;&nbsp;Album 2026 (en construction)&nbsp;&raquo;<\/span><\/a><\/p>\n","protected":false},"author":1,"featured_media":0,"parent":165,"menu_order":0,"comment_status":"closed","ping_status":"closed","template":"","meta":[],"yoast_head":"<!-- This site is optimized with the Yoast SEO plugin v18.2 - https:\/\/yoast.com\/wordpress\/plugins\/seo\/ -->\n<title>Album 2026 (en construction) - Arts &amp; Savoirs<\/title>\n<meta name=\"robots\" content=\"index, follow, max-snippet:-1, max-image-preview:large, max-video-preview:-1\" \/>\n<link rel=\"canonical\" href=\"https:\/\/artsetsavoirshoulgate.com\/index.php\/sorties-culturelles\/album-2026-en-construction\/\" \/>\n<meta property=\"og:locale\" content=\"fr_FR\" \/>\n<meta property=\"og:type\" content=\"article\" \/>\n<meta property=\"og:title\" content=\"Album 2026 (en construction) - Arts &amp; Savoirs\" \/>\n<meta property=\"og:description\" content=\"Galette des Rois 18 janvier Mercredi 11 F\u00e9vrier : M\u00e9morial de CAEN Jeudi 12 Mars : Villedieu les po\u00eales Jeudi 2 Avril : Atelier culinaire \u00e0 Saint-Etienne du Thillaye Jeudi 9 Avril diner\/cabaret J Jooris Samedi 18 Avril : Franciscaines th\u00e9\u00e2tre\/humour : \u00ab L\u2019art d\u2019avoir toujours raison \u00bb Mercredi 29 Avril : Champs de Bataille &hellip; Continuer la lecture de &laquo;&nbsp;Album 2026 (en construction)&nbsp;&raquo;\" \/>\n<meta property=\"og:url\" content=\"https:\/\/artsetsavoirshoulgate.com\/index.php\/sorties-culturelles\/album-2026-en-construction\/\" \/>\n<meta property=\"og:site_name\" content=\"Arts &amp; Savoirs\" \/>\n<meta property=\"article:modified_time\" content=\"2026-05-17T13:09:27+00:00\" \/>\n<meta name=\"twitter:card\" content=\"summary_large_image\" \/>\n<meta name=\"twitter:label1\" content=\"Dur\u00e9e de lecture estim\u00e9e\" \/>\n\t<meta name=\"twitter:data1\" content=\"1 minute\" \/>\n<script type=\"application\/ld+json\" class=\"yoast-schema-graph\">{\"@context\":\"https:\/\/schema.org\",\"@graph\":[{\"@type\":\"WebSite\",\"@id\":\"http:\/\/artsetsavoirshoulgate.com\/#website\",\"url\":\"http:\/\/artsetsavoirshoulgate.com\/\",\"name\":\"Arts & Savoirs Houlgate\",\"description\":\"Pour promouvoir les Arts et Savoirs de toute culture et les activit\u00e9s qui y participent dans un esprit de partage et de f\u00eate\",\"potentialAction\":[{\"@type\":\"SearchAction\",\"target\":{\"@type\":\"EntryPoint\",\"urlTemplate\":\"http:\/\/artsetsavoirshoulgate.com\/?s={search_term_string}\"},\"query-input\":\"required name=search_term_string\"}],\"inLanguage\":\"fr-FR\"},{\"@type\":\"WebPage\",\"@id\":\"https:\/\/artsetsavoirshoulgate.com\/index.php\/sorties-culturelles\/album-2026-en-construction\/#webpage\",\"url\":\"https:\/\/artsetsavoirshoulgate.com\/index.php\/sorties-culturelles\/album-2026-en-construction\/\",\"name\":\"Album 2026 (en construction) - Arts &amp; Savoirs\",\"isPartOf\":{\"@id\":\"http:\/\/artsetsavoirshoulgate.com\/#website\"},\"datePublished\":\"2026-05-17T12:56:18+00:00\",\"dateModified\":\"2026-05-17T13:09:27+00:00\",\"breadcrumb\":{\"@id\":\"https:\/\/artsetsavoirshoulgate.com\/index.php\/sorties-culturelles\/album-2026-en-construction\/#breadcrumb\"},\"inLanguage\":\"fr-FR\",\"potentialAction\":[{\"@type\":\"ReadAction\",\"target\":[\"https:\/\/artsetsavoirshoulgate.com\/index.php\/sorties-culturelles\/album-2026-en-construction\/\"]}]},{\"@type\":\"BreadcrumbList\",\"@id\":\"https:\/\/artsetsavoirshoulgate.com\/index.php\/sorties-culturelles\/album-2026-en-construction\/#breadcrumb\",\"itemListElement\":[{\"@type\":\"ListItem\",\"position\":1,\"name\":\"Accueil\",\"item\":\"http:\/\/artsetsavoirshoulgate.com\/\"},{\"@type\":\"ListItem\",\"position\":2,\"name\":\"Albums\",\"item\":\"https:\/\/artsetsavoirshoulgate.com\/index.php\/sorties-culturelles\/\"},{\"@type\":\"ListItem\",\"position\":3,\"name\":\"Album 2026 (en construction)\"}]}]}<\/script>\n<!-- \/ Yoast SEO plugin. -->","yoast_head_json":{"title":"Album 2026 (en construction) - Arts &amp; Savoirs","robots":{"index":"index","follow":"follow","max-snippet":"max-snippet:-1","max-image-preview":"max-image-preview:large","max-video-preview":"max-video-preview:-1"},"canonical":"https:\/\/artsetsavoirshoulgate.com\/index.php\/sorties-culturelles\/album-2026-en-construction\/","og_locale":"fr_FR","og_type":"article","og_title":"Album 2026 (en construction) - Arts &amp; Savoirs","og_description":"Galette des Rois 18 janvier Mercredi 11 F\u00e9vrier : M\u00e9morial de CAEN Jeudi 12 Mars : Villedieu les po\u00eales Jeudi 2 Avril : Atelier culinaire \u00e0 Saint-Etienne du Thillaye Jeudi 9 Avril diner\/cabaret J Jooris Samedi 18 Avril : Franciscaines th\u00e9\u00e2tre\/humour : \u00ab L\u2019art d\u2019avoir toujours raison \u00bb Mercredi 29 Avril : Champs de Bataille &hellip; Continuer la lecture de &laquo;&nbsp;Album 2026 (en construction)&nbsp;&raquo;","og_url":"https:\/\/artsetsavoirshoulgate.com\/index.php\/sorties-culturelles\/album-2026-en-construction\/","og_site_name":"Arts &amp; Savoirs","article_modified_time":"2026-05-17T13:09:27+00:00","twitter_card":"summary_large_image","twitter_misc":{"Dur\u00e9e de lecture estim\u00e9e":"1 minute"},"schema":{"@context":"https:\/\/schema.org","@graph":[{"@type":"WebSite","@id":"http:\/\/artsetsavoirshoulgate.com\/#website","url":"http:\/\/artsetsavoirshoulgate.com\/","name":"Arts & Savoirs Houlgate","description":"Pour promouvoir les Arts et Savoirs de toute culture et les activit\u00e9s qui y participent dans un esprit de partage et de f\u00eate","potentialAction":[{"@type":"SearchAction","target":{"@type":"EntryPoint","urlTemplate":"http:\/\/artsetsavoirshoulgate.com\/?s={search_term_string}"},"query-input":"required name=search_term_string"}],"inLanguage":"fr-FR"},{"@type":"WebPage","@id":"https:\/\/artsetsavoirshoulgate.com\/index.php\/sorties-culturelles\/album-2026-en-construction\/#webpage","url":"https:\/\/artsetsavoirshoulgate.com\/index.php\/sorties-culturelles\/album-2026-en-construction\/","name":"Album 2026 (en construction) - Arts &amp; Savoirs","isPartOf":{"@id":"http:\/\/artsetsavoirshoulgate.com\/#website"},"datePublished":"2026-05-17T12:56:18+00:00","dateModified":"2026-05-17T13:09:27+00:00","breadcrumb":{"@id":"https:\/\/artsetsavoirshoulgate.com\/index.php\/sorties-culturelles\/album-2026-en-construction\/#breadcrumb"},"inLanguage":"fr-FR","potentialAction":[{"@type":"ReadAction","target":["https:\/\/artsetsavoirshoulgate.com\/index.php\/sorties-culturelles\/album-2026-en-construction\/"]}]},{"@type":"BreadcrumbList","@id":"https:\/\/artsetsavoirshoulgate.com\/index.php\/sorties-culturelles\/album-2026-en-construction\/#breadcrumb","itemListElement":[{"@type":"ListItem","position":1,"name":"Accueil","item":"http:\/\/artsetsavoirshoulgate.com\/"},{"@type":"ListItem","position":2,"name":"Albums","item":"https:\/\/artsetsavoirshoulgate.com\/index.php\/sorties-culturelles\/"},{"@type":"ListItem","position":3,"name":"Album 2026 (en construction)"}]}]}},"_links":{"self":[{"href":"https:\/\/artsetsavoirshoulgate.com\/index.php\/wp-json\/wp\/v2\/pages\/6568"}],"collection":[{"href":"https:\/\/artsetsavoirshoulgate.com\/index.php\/wp-json\/wp\/v2\/pages"}],"about":[{"href":"https:\/\/artsetsavoirshoulgate.com\/index.php\/wp-json\/wp\/v2\/types\/page"}],"author":[{"embeddable":true,"href":"https:\/\/artsetsavoirshoulgate.com\/index.php\/wp-json\/wp\/v2\/users\/1"}],"replies":[{"embeddable":true,"href":"https:\/\/artsetsavoirshoulgate.com\/index.php\/wp-json\/wp\/v2\/comments?post=6568"}],"version-history":[{"count":4,"href":"https:\/\/artsetsavoirshoulgate.com\/index.php\/wp-json\/wp\/v2\/pages\/6568\/revisions"}],"predecessor-version":[{"id":6575,"href":"https:\/\/artsetsavoirshoulgate.com\/index.php\/wp-json\/wp\/v2\/pages\/6568\/revisions\/6575"}],"up":[{"embeddable":true,"href":"https:\/\/artsetsavoirshoulgate.com\/index.php\/wp-json\/wp\/v2\/pages\/165"}],"wp:attachment":[{"href":"https:\/\/artsetsavoirshoulgate.com\/index.php\/wp-json\/wp\/v2\/media?parent=6568"}],"curies":[{"name":"wp","href":"https:\/\/api.w.org\/{rel}","templated":true}]}}