{"id":7,"date":"2017-12-03T19:25:34","date_gmt":"2017-12-03T18:25:34","guid":{"rendered":"http:\/\/righini-avocat.fr\/artsetsavoirs\/?page_id=7"},"modified":"2021-12-09T07:37:08","modified_gmt":"2021-12-09T06:37:08","slug":"accueil","status":"publish","type":"page","link":"https:\/\/artsetsavoirshoulgate.com\/","title":{"rendered":"Accueil"},"content":{"rendered":"<p><strong>Bienvenue sur le site de l&rsquo; association \u00ab\u00a0Arts &amp; Savoirs\u00a0\u00bb&nbsp;<\/strong><\/p>\n<p>Notre association se propose de promouvoir les arts et les savoirs de toute culture et les activit\u00e9s qui participent au mieux-\u00eatre et au bonheur humain, sans limitation d&rsquo;\u00e2ge ou de milieu, dans un esprit de partage et de f\u00eate.<\/p>\n<p>Nous sommes une association loi 1901 fond\u00e9e le 22 Septembre 1986.<br \/>\n\u00ab\u00a0Arts &amp; Savoirs\u00a0\u00bb c&rsquo;est un lien au sein du Pays d&rsquo;Auge entre nos communes, nos g\u00e9n\u00e9rations, nos cultures.<\/p>\n","protected":false},"excerpt":{"rendered":"<p>Bienvenue sur le site de l&rsquo; association \u00ab\u00a0Arts &amp; Savoirs\u00a0\u00bb&nbsp; Notre association se propose de promouvoir les arts et les savoirs de toute culture et les activit\u00e9s qui participent au mieux-\u00eatre et au bonheur humain, sans limitation d&rsquo;\u00e2ge ou de milieu, dans un esprit de partage et de f\u00eate. Nous sommes une association loi 1901 &hellip; <\/p>\n<p class=\"link-more\"><a href=\"https:\/\/artsetsavoirshoulgate.com\/\" class=\"more-link\">Continuer la lecture<span class=\"screen-reader-text\"> de &laquo;&nbsp;Accueil&nbsp;&raquo;<\/span><\/a><\/p>\n","protected":false},"author":1,"featured_media":89,"parent":0,"menu_order":0,"comment_status":"closed","ping_status":"closed","template":"","meta":[],"yoast_head":"<!-- This site is optimized with the Yoast SEO plugin v18.2 - https:\/\/yoast.com\/wordpress\/plugins\/seo\/ -->\n<title>Accueil - Arts et Savoirs - Association Houlgate - Activit\u00e9s culturelles<\/title>\n<meta name=\"description\" content=\"Notre association se propose de promouvoir les arts et les savoirs de toute culture et les activit\u00e9s qui participent au mieux-\u00eatre et au bonheur humain, sans limitation d&#039;\u00e2ge ou de milieu, dans un esprit de partage et de f\u00eate. Nous sommes une association loi 1901 fond\u00e9e le 22 Septembre 1986. &quot;Arts &amp; Savoirs&quot; c&#039;est un lien entre nos communes, nos g\u00e9n\u00e9rations, nos cultures.\" \/>\n<meta name=\"robots\" content=\"index, follow, max-snippet:-1, max-image-preview:large, max-video-preview:-1\" \/>\n<link rel=\"canonical\" href=\"http:\/\/artsetsavoirshoulgate.com\/\" \/>\n<meta property=\"og:locale\" content=\"fr_FR\" \/>\n<meta property=\"og:type\" content=\"article\" \/>\n<meta property=\"og:title\" content=\"Accueil - Arts et Savoirs - Association Houlgate - Activit\u00e9s culturelles\" \/>\n<meta property=\"og:description\" content=\"Notre association se propose de promouvoir les arts et les savoirs de toute culture et les activit\u00e9s qui participent au mieux-\u00eatre et au bonheur humain, sans limitation d&#039;\u00e2ge ou de milieu, dans un esprit de partage et de f\u00eate. Nous sommes une association loi 1901 fond\u00e9e le 22 Septembre 1986. &quot;Arts &amp; Savoirs&quot; c&#039;est un lien entre nos communes, nos g\u00e9n\u00e9rations, nos cultures.\" \/>\n<meta property=\"og:url\" content=\"http:\/\/artsetsavoirshoulgate.com\/\" \/>\n<meta property=\"og:site_name\" content=\"Arts &amp; Savoirs\" \/>\n<meta property=\"article:modified_time\" content=\"2021-12-09T06:37:08+00:00\" \/>\n<meta property=\"og:image\" content=\"http:\/\/artsetsavoirshoulgate.com\/wp-content\/uploads\/2018\/01\/IMG_0035-1024x683.jpg\" \/>\n\t<meta property=\"og:image:width\" content=\"1024\" \/>\n\t<meta property=\"og:image:height\" content=\"683\" \/>\n\t<meta property=\"og:image:type\" content=\"image\/jpeg\" \/>\n<meta name=\"twitter:card\" content=\"summary_large_image\" \/>\n<script type=\"application\/ld+json\" class=\"yoast-schema-graph\">{\"@context\":\"https:\/\/schema.org\",\"@graph\":[{\"@type\":\"WebSite\",\"@id\":\"http:\/\/artsetsavoirshoulgate.com\/#website\",\"url\":\"http:\/\/artsetsavoirshoulgate.com\/\",\"name\":\"Arts & Savoirs Houlgate\",\"description\":\"Pour promouvoir les Arts et Savoirs de toute culture et les activit\u00e9s qui y participent dans un esprit de partage et de f\u00eate\",\"potentialAction\":[{\"@type\":\"SearchAction\",\"target\":{\"@type\":\"EntryPoint\",\"urlTemplate\":\"http:\/\/artsetsavoirshoulgate.com\/?s={search_term_string}\"},\"query-input\":\"required name=search_term_string\"}],\"inLanguage\":\"fr-FR\"},{\"@type\":\"ImageObject\",\"@id\":\"http:\/\/artsetsavoirshoulgate.com\/#primaryimage\",\"inLanguage\":\"fr-FR\",\"url\":\"https:\/\/artsetsavoirshoulgate.com\/wp-content\/uploads\/2018\/01\/IMG_0035.jpg\",\"contentUrl\":\"https:\/\/artsetsavoirshoulgate.com\/wp-content\/uploads\/2018\/01\/IMG_0035.jpg\",\"width\":5184,\"height\":3456},{\"@type\":\"WebPage\",\"@id\":\"http:\/\/artsetsavoirshoulgate.com\/#webpage\",\"url\":\"http:\/\/artsetsavoirshoulgate.com\/\",\"name\":\"Accueil - Arts et Savoirs - Association Houlgate - Activit\u00e9s culturelles\",\"isPartOf\":{\"@id\":\"http:\/\/artsetsavoirshoulgate.com\/#website\"},\"primaryImageOfPage\":{\"@id\":\"http:\/\/artsetsavoirshoulgate.com\/#primaryimage\"},\"datePublished\":\"2017-12-03T18:25:34+00:00\",\"dateModified\":\"2021-12-09T06:37:08+00:00\",\"description\":\"Notre association se propose de promouvoir les arts et les savoirs de toute culture et les activit\u00e9s qui participent au mieux-\u00eatre et au bonheur humain, sans limitation d'\u00e2ge ou de milieu, dans un esprit de partage et de f\u00eate. Nous sommes une association loi 1901 fond\u00e9e le 22 Septembre 1986. \\\"Arts & Savoirs\\\" c'est un lien entre nos communes, nos g\u00e9n\u00e9rations, nos cultures.\",\"breadcrumb\":{\"@id\":\"http:\/\/artsetsavoirshoulgate.com\/#breadcrumb\"},\"inLanguage\":\"fr-FR\",\"potentialAction\":[{\"@type\":\"ReadAction\",\"target\":[\"http:\/\/artsetsavoirshoulgate.com\/\"]}]},{\"@type\":\"BreadcrumbList\",\"@id\":\"http:\/\/artsetsavoirshoulgate.com\/#breadcrumb\",\"itemListElement\":[{\"@type\":\"ListItem\",\"position\":1,\"name\":\"Accueil\",\"item\":\"http:\/\/artsetsavoirshoulgate.com\/\"},{\"@type\":\"ListItem\",\"position\":2,\"name\":\"Accueil\"}]}]}<\/script>\n<!-- \/ Yoast SEO plugin. -->","yoast_head_json":{"title":"Accueil - Arts et Savoirs - Association Houlgate - Activit\u00e9s culturelles","description":"Notre association se propose de promouvoir les arts et les savoirs de toute culture et les activit\u00e9s qui participent au mieux-\u00eatre et au bonheur humain, sans limitation d'\u00e2ge ou de milieu, dans un esprit de partage et de f\u00eate. Nous sommes une association loi 1901 fond\u00e9e le 22 Septembre 1986. \"Arts & Savoirs\" c'est un lien entre nos communes, nos g\u00e9n\u00e9rations, nos cultures.","robots":{"index":"index","follow":"follow","max-snippet":"max-snippet:-1","max-image-preview":"max-image-preview:large","max-video-preview":"max-video-preview:-1"},"canonical":"http:\/\/artsetsavoirshoulgate.com\/","og_locale":"fr_FR","og_type":"article","og_title":"Accueil - Arts et Savoirs - Association Houlgate - Activit\u00e9s culturelles","og_description":"Notre association se propose de promouvoir les arts et les savoirs de toute culture et les activit\u00e9s qui participent au mieux-\u00eatre et au bonheur humain, sans limitation d'\u00e2ge ou de milieu, dans un esprit de partage et de f\u00eate. Nous sommes une association loi 1901 fond\u00e9e le 22 Septembre 1986. \"Arts & Savoirs\" c'est un lien entre nos communes, nos g\u00e9n\u00e9rations, nos cultures.","og_url":"http:\/\/artsetsavoirshoulgate.com\/","og_site_name":"Arts &amp; Savoirs","article_modified_time":"2021-12-09T06:37:08+00:00","og_image":[{"width":1024,"height":683,"url":"http:\/\/artsetsavoirshoulgate.com\/wp-content\/uploads\/2018\/01\/IMG_0035-1024x683.jpg","type":"image\/jpeg"}],"twitter_card":"summary_large_image","schema":{"@context":"https:\/\/schema.org","@graph":[{"@type":"WebSite","@id":"http:\/\/artsetsavoirshoulgate.com\/#website","url":"http:\/\/artsetsavoirshoulgate.com\/","name":"Arts & Savoirs Houlgate","description":"Pour promouvoir les Arts et Savoirs de toute culture et les activit\u00e9s qui y participent dans un esprit de partage et de f\u00eate","potentialAction":[{"@type":"SearchAction","target":{"@type":"EntryPoint","urlTemplate":"http:\/\/artsetsavoirshoulgate.com\/?s={search_term_string}"},"query-input":"required name=search_term_string"}],"inLanguage":"fr-FR"},{"@type":"ImageObject","@id":"http:\/\/artsetsavoirshoulgate.com\/#primaryimage","inLanguage":"fr-FR","url":"https:\/\/artsetsavoirshoulgate.com\/wp-content\/uploads\/2018\/01\/IMG_0035.jpg","contentUrl":"https:\/\/artsetsavoirshoulgate.com\/wp-content\/uploads\/2018\/01\/IMG_0035.jpg","width":5184,"height":3456},{"@type":"WebPage","@id":"http:\/\/artsetsavoirshoulgate.com\/#webpage","url":"http:\/\/artsetsavoirshoulgate.com\/","name":"Accueil - Arts et Savoirs - Association Houlgate - Activit\u00e9s culturelles","isPartOf":{"@id":"http:\/\/artsetsavoirshoulgate.com\/#website"},"primaryImageOfPage":{"@id":"http:\/\/artsetsavoirshoulgate.com\/#primaryimage"},"datePublished":"2017-12-03T18:25:34+00:00","dateModified":"2021-12-09T06:37:08+00:00","description":"Notre association se propose de promouvoir les arts et les savoirs de toute culture et les activit\u00e9s qui participent au mieux-\u00eatre et au bonheur humain, sans limitation d'\u00e2ge ou de milieu, dans un esprit de partage et de f\u00eate. Nous sommes une association loi 1901 fond\u00e9e le 22 Septembre 1986. \"Arts & Savoirs\" c'est un lien entre nos communes, nos g\u00e9n\u00e9rations, nos cultures.","breadcrumb":{"@id":"http:\/\/artsetsavoirshoulgate.com\/#breadcrumb"},"inLanguage":"fr-FR","potentialAction":[{"@type":"ReadAction","target":["http:\/\/artsetsavoirshoulgate.com\/"]}]},{"@type":"BreadcrumbList","@id":"http:\/\/artsetsavoirshoulgate.com\/#breadcrumb","itemListElement":[{"@type":"ListItem","position":1,"name":"Accueil","item":"http:\/\/artsetsavoirshoulgate.com\/"},{"@type":"ListItem","position":2,"name":"Accueil"}]}]}},"_links":{"self":[{"href":"https:\/\/artsetsavoirshoulgate.com\/index.php\/wp-json\/wp\/v2\/pages\/7"}],"collection":[{"href":"https:\/\/artsetsavoirshoulgate.com\/index.php\/wp-json\/wp\/v2\/pages"}],"about":[{"href":"https:\/\/artsetsavoirshoulgate.com\/index.php\/wp-json\/wp\/v2\/types\/page"}],"author":[{"embeddable":true,"href":"https:\/\/artsetsavoirshoulgate.com\/index.php\/wp-json\/wp\/v2\/users\/1"}],"replies":[{"embeddable":true,"href":"https:\/\/artsetsavoirshoulgate.com\/index.php\/wp-json\/wp\/v2\/comments?post=7"}],"version-history":[{"count":19,"href":"https:\/\/artsetsavoirshoulgate.com\/index.php\/wp-json\/wp\/v2\/pages\/7\/revisions"}],"predecessor-version":[{"id":3540,"href":"https:\/\/artsetsavoirshoulgate.com\/index.php\/wp-json\/wp\/v2\/pages\/7\/revisions\/3540"}],"wp:featuredmedia":[{"embeddable":true,"href":"https:\/\/artsetsavoirshoulgate.com\/index.php\/wp-json\/wp\/v2\/media\/89"}],"wp:attachment":[{"href":"https:\/\/artsetsavoirshoulgate.com\/index.php\/wp-json\/wp\/v2\/media?parent=7"}],"curies":[{"name":"wp","href":"https:\/\/api.w.org\/{rel}","templated":true}]}}